{"id":184,"date":"2021-11-09T13:37:40","date_gmt":"2021-11-09T13:37:40","guid":{"rendered":"https:\/\/dev.mediadome.at\/holzer\/?page_id=184"},"modified":"2022-11-17T15:55:17","modified_gmt":"2022-11-17T15:55:17","slug":"dekoration","status":"publish","type":"page","link":"https:\/\/spiel-kueche-holzer.at\/index.php\/dekoration\/","title":{"rendered":"Dekoration"},"content":{"rendered":"\t\t<div data-elementor-type=\"wp-page\" data-elementor-id=\"184\" class=\"elementor elementor-184\" data-elementor-post-type=\"page\">\n\t\t\t\t\t\t<section class=\"elementor-section elementor-top-section elementor-element elementor-element-488f045c elementor-section-boxed elementor-section-height-default elementor-section-height-default\" data-id=\"488f045c\" data-element_type=\"section\" data-e-type=\"section\" data-settings=\"{&quot;background_background&quot;:&quot;classic&quot;}\">\n\t\t\t\t\t\t\t<div class=\"elementor-background-overlay\"><\/div>\n\t\t\t\t\t\t\t<div class=\"elementor-container elementor-column-gap-no\">\n\t\t\t\t\t<div class=\"elementor-column elementor-col-100 elementor-top-column elementor-element elementor-element-2d3db369\" data-id=\"2d3db369\" data-element_type=\"column\" data-e-type=\"column\">\n\t\t\t<div class=\"elementor-widget-wrap elementor-element-populated\">\n\t\t\t\t\t\t<div class=\"elementor-element elementor-element-495be90c elementor-hidden-mobile elementor-widget elementor-widget-heading\" data-id=\"495be90c\" data-element_type=\"widget\" data-e-type=\"widget\" data-widget_type=\"heading.default\">\n\t\t\t\t<div class=\"elementor-widget-container\">\n\t\t\t\t\t<h1 class=\"elementor-heading-title elementor-size-default\">Dekoration und Geschenksartikel<\/h1>\t\t\t\t<\/div>\n\t\t\t\t<\/div>\n\t\t\t\t<div class=\"elementor-element elementor-element-b730872 elementor-hidden-desktop elementor-hidden-tablet elementor-widget elementor-widget-heading\" data-id=\"b730872\" data-element_type=\"widget\" data-e-type=\"widget\" data-widget_type=\"heading.default\">\n\t\t\t\t<div class=\"elementor-widget-container\">\n\t\t\t\t\t<h1 class=\"elementor-heading-title elementor-size-default\">Dekoration und Geschenksartikel<\/h1>\t\t\t\t<\/div>\n\t\t\t\t<\/div>\n\t\t\t\t\t<\/div>\n\t\t<\/div>\n\t\t\t\t\t<\/div>\n\t\t<\/section>\n\t\t\t\t<section class=\"elementor-section elementor-top-section elementor-element elementor-element-1f9fac54 elementor-section-boxed elementor-section-height-default elementor-section-height-default\" data-id=\"1f9fac54\" data-element_type=\"section\" data-e-type=\"section\" data-settings=\"{&quot;background_background&quot;:&quot;classic&quot;}\">\n\t\t\t\t\t\t\t<div class=\"elementor-background-overlay\"><\/div>\n\t\t\t\t\t\t\t<div class=\"elementor-container elementor-column-gap-no\">\n\t\t\t\t\t<div class=\"elementor-column elementor-col-50 elementor-top-column elementor-element elementor-element-27ce5637\" data-id=\"27ce5637\" data-element_type=\"column\" data-e-type=\"column\">\n\t\t\t<div class=\"elementor-widget-wrap elementor-element-populated\">\n\t\t\t\t\t\t<div class=\"elementor-element elementor-element-658cf2ac elementor-widget elementor-widget-image\" data-id=\"658cf2ac\" data-element_type=\"widget\" data-e-type=\"widget\" data-widget_type=\"image.default\">\n\t\t\t\t<div class=\"elementor-widget-container\">\n\t\t\t\t\t\t\t\t\t\t\t\t\t\t\t<img fetchpriority=\"high\" decoding=\"async\" width=\"2000\" height=\"1333\" src=\"https:\/\/spiel-kueche-holzer.at\/wp-content\/uploads\/2021\/11\/Holzer-15.jpg\" class=\"attachment-full size-full wp-image-413\" alt=\"\" srcset=\"https:\/\/spiel-kueche-holzer.at\/wp-content\/uploads\/2021\/11\/Holzer-15.jpg 2000w, https:\/\/spiel-kueche-holzer.at\/wp-content\/uploads\/2021\/11\/Holzer-15-300x200.jpg 300w, https:\/\/spiel-kueche-holzer.at\/wp-content\/uploads\/2021\/11\/Holzer-15-1024x682.jpg 1024w, https:\/\/spiel-kueche-holzer.at\/wp-content\/uploads\/2021\/11\/Holzer-15-768x512.jpg 768w, https:\/\/spiel-kueche-holzer.at\/wp-content\/uploads\/2021\/11\/Holzer-15-1536x1024.jpg 1536w\" sizes=\"(max-width: 2000px) 100vw, 2000px\" \/>\t\t\t\t\t\t\t\t\t\t\t\t\t\t\t<\/div>\n\t\t\t\t<\/div>\n\t\t\t\t\t<\/div>\n\t\t<\/div>\n\t\t\t\t<div class=\"elementor-column elementor-col-50 elementor-top-column elementor-element elementor-element-1edba49f\" data-id=\"1edba49f\" data-element_type=\"column\" data-e-type=\"column\">\n\t\t\t<div class=\"elementor-widget-wrap elementor-element-populated\">\n\t\t\t\t\t\t<section class=\"elementor-section elementor-inner-section elementor-element elementor-element-4d3fa063 elementor-section-boxed elementor-section-height-default elementor-section-height-default\" data-id=\"4d3fa063\" data-element_type=\"section\" data-e-type=\"section\" data-settings=\"{&quot;background_background&quot;:&quot;classic&quot;}\">\n\t\t\t\t\t\t<div class=\"elementor-container elementor-column-gap-no\">\n\t\t\t\t\t<div class=\"elementor-column elementor-col-100 elementor-inner-column elementor-element elementor-element-567d6c2b\" data-id=\"567d6c2b\" data-element_type=\"column\" data-e-type=\"column\">\n\t\t\t<div class=\"elementor-widget-wrap elementor-element-populated\">\n\t\t\t\t\t\t<div class=\"elementor-element elementor-element-229331ed elementor-widget elementor-widget-heading\" data-id=\"229331ed\" data-element_type=\"widget\" data-e-type=\"widget\" data-widget_type=\"heading.default\">\n\t\t\t\t<div class=\"elementor-widget-container\">\n\t\t\t\t\t<h3 class=\"elementor-heading-title elementor-size-default\">Dekoration und Geschenke<\/h3>\t\t\t\t<\/div>\n\t\t\t\t<\/div>\n\t\t\t\t<div class=\"elementor-element elementor-element-3edefc2b elementor-widget elementor-widget-text-editor\" data-id=\"3edefc2b\" data-element_type=\"widget\" data-e-type=\"widget\" data-widget_type=\"text-editor.default\">\n\t\t\t\t<div class=\"elementor-widget-container\">\n\t\t\t\t\t\t\t\t\t<p>Lassen Sie sich verzaubern oder verzaubern Sie Ihre Liebsten, ganz egal &#8211; Hauptsache es wird gezaubert. Beim Zauber helfen wir Ihnen gerne mit unserer umfangreichen und vielf\u00e4ltigen Auswahl an Dekoration und Geschenksartikeln.<\/p>\t\t\t\t\t\t\t\t<\/div>\n\t\t\t\t<\/div>\n\t\t\t\t<div class=\"elementor-element elementor-element-2dd22a9b elementor-align-left elementor-widget elementor-widget-button\" data-id=\"2dd22a9b\" data-element_type=\"widget\" data-e-type=\"widget\" data-widget_type=\"button.default\">\n\t\t\t\t<div class=\"elementor-widget-container\">\n\t\t\t\t\t\t\t\t\t<div class=\"elementor-button-wrapper\">\n\t\t\t\t\t<a class=\"elementor-button elementor-button-link elementor-size-sm\" href=\"#marken\">\n\t\t\t\t\t\t<span class=\"elementor-button-content-wrapper\">\n\t\t\t\t\t\t\t\t\t<span class=\"elementor-button-text\">Erfahre mehr<\/span>\n\t\t\t\t\t<\/span>\n\t\t\t\t\t<\/a>\n\t\t\t\t<\/div>\n\t\t\t\t\t\t\t\t<\/div>\n\t\t\t\t<\/div>\n\t\t\t\t\t<\/div>\n\t\t<\/div>\n\t\t\t\t\t<\/div>\n\t\t<\/section>\n\t\t\t\t\t<\/div>\n\t\t<\/div>\n\t\t\t\t\t<\/div>\n\t\t<\/section>\n\t\t\t\t<section class=\"elementor-section elementor-top-section elementor-element elementor-element-563bb078 elementor-reverse-tablet elementor-reverse-mobile elementor-section-boxed elementor-section-height-default elementor-section-height-default\" data-id=\"563bb078\" data-element_type=\"section\" data-e-type=\"section\" id=\"marken\" data-settings=\"{&quot;background_background&quot;:&quot;classic&quot;}\">\n\t\t\t\t\t\t<div class=\"elementor-container elementor-column-gap-no\">\n\t\t\t\t\t<div class=\"elementor-column elementor-col-50 elementor-top-column elementor-element elementor-element-31a9c90\" data-id=\"31a9c90\" data-element_type=\"column\" data-e-type=\"column\">\n\t\t\t<div class=\"elementor-widget-wrap elementor-element-populated\">\n\t\t\t\t\t\t<div class=\"elementor-element elementor-element-c9991a1 elementor-widget elementor-widget-image\" data-id=\"c9991a1\" data-element_type=\"widget\" data-e-type=\"widget\" data-widget_type=\"image.default\">\n\t\t\t\t<div class=\"elementor-widget-container\">\n\t\t\t\t\t\t\t\t\t\t\t\t\t\t\t<img decoding=\"async\" width=\"800\" height=\"533\" src=\"https:\/\/spiel-kueche-holzer.at\/wp-content\/uploads\/2021\/11\/Holzer-10-1024x682.jpg\" class=\"attachment-large size-large wp-image-421\" alt=\"\" srcset=\"https:\/\/spiel-kueche-holzer.at\/wp-content\/uploads\/2021\/11\/Holzer-10-1024x682.jpg 1024w, https:\/\/spiel-kueche-holzer.at\/wp-content\/uploads\/2021\/11\/Holzer-10-300x200.jpg 300w, https:\/\/spiel-kueche-holzer.at\/wp-content\/uploads\/2021\/11\/Holzer-10-768x512.jpg 768w, https:\/\/spiel-kueche-holzer.at\/wp-content\/uploads\/2021\/11\/Holzer-10-1536x1024.jpg 1536w, https:\/\/spiel-kueche-holzer.at\/wp-content\/uploads\/2021\/11\/Holzer-10.jpg 2000w\" sizes=\"(max-width: 800px) 100vw, 800px\" \/>\t\t\t\t\t\t\t\t\t\t\t\t\t\t\t<\/div>\n\t\t\t\t<\/div>\n\t\t\t\t\t<\/div>\n\t\t<\/div>\n\t\t\t\t<div class=\"elementor-column elementor-col-50 elementor-top-column elementor-element elementor-element-e29c67a\" data-id=\"e29c67a\" data-element_type=\"column\" data-e-type=\"column\">\n\t\t\t<div class=\"elementor-widget-wrap elementor-element-populated\">\n\t\t\t\t\t\t<div class=\"elementor-element elementor-element-3f2c4daf elementor-widget elementor-widget-heading\" data-id=\"3f2c4daf\" data-element_type=\"widget\" data-e-type=\"widget\" data-widget_type=\"heading.default\">\n\t\t\t\t<div class=\"elementor-widget-container\">\n\t\t\t\t\t<h2 class=\"elementor-heading-title elementor-size-default\">Sch\u00f6ner Wohnen\nSch\u00f6ner Schenken <\/h2>\t\t\t\t<\/div>\n\t\t\t\t<\/div>\n\t\t\t\t<div class=\"elementor-element elementor-element-79a313a6 elementor-widget elementor-widget-text-editor\" data-id=\"79a313a6\" data-element_type=\"widget\" data-e-type=\"widget\" data-widget_type=\"text-editor.default\">\n\t\t\t\t<div class=\"elementor-widget-container\">\n\t\t\t\t\t\t\t\t\t<p>Verschaffen Sie sich hier einen \u00dcberblick \u00fcber unser Sortiment an Dekoration und Geschenksartikeln. Lassen Sie sich gerne von uns in unserem Gesch\u00e4ft im Herzen von Murau beraten. Wir helfen Ihnen gerne dabei das Richtige zu finden.<\/p>\t\t\t\t\t\t\t\t<\/div>\n\t\t\t\t<\/div>\n\t\t\t\t<section class=\"elementor-section elementor-inner-section elementor-element elementor-element-16ae008 elementor-section-boxed elementor-section-height-default elementor-section-height-default\" data-id=\"16ae008\" data-element_type=\"section\" data-e-type=\"section\">\n\t\t\t\t\t\t<div class=\"elementor-container elementor-column-gap-default\">\n\t\t\t\t\t<div class=\"elementor-column elementor-col-50 elementor-inner-column elementor-element elementor-element-7349e74\" data-id=\"7349e74\" data-element_type=\"column\" data-e-type=\"column\">\n\t\t\t<div class=\"elementor-widget-wrap elementor-element-populated\">\n\t\t\t\t\t\t<div class=\"elementor-element elementor-element-7c0bfd9 elementor-widget elementor-widget-image\" data-id=\"7c0bfd9\" data-element_type=\"widget\" data-e-type=\"widget\" data-widget_type=\"image.default\">\n\t\t\t\t<div class=\"elementor-widget-container\">\n\t\t\t\t\t\t\t\t\t\t\t\t\t\t\t<img decoding=\"async\" width=\"800\" height=\"533\" src=\"https:\/\/spiel-kueche-holzer.at\/wp-content\/uploads\/2021\/11\/Holzer-15-1024x682.jpg\" class=\"attachment-large size-large wp-image-413\" alt=\"\" srcset=\"https:\/\/spiel-kueche-holzer.at\/wp-content\/uploads\/2021\/11\/Holzer-15-1024x682.jpg 1024w, https:\/\/spiel-kueche-holzer.at\/wp-content\/uploads\/2021\/11\/Holzer-15-300x200.jpg 300w, https:\/\/spiel-kueche-holzer.at\/wp-content\/uploads\/2021\/11\/Holzer-15-768x512.jpg 768w, https:\/\/spiel-kueche-holzer.at\/wp-content\/uploads\/2021\/11\/Holzer-15-1536x1024.jpg 1536w, https:\/\/spiel-kueche-holzer.at\/wp-content\/uploads\/2021\/11\/Holzer-15.jpg 2000w\" sizes=\"(max-width: 800px) 100vw, 800px\" \/>\t\t\t\t\t\t\t\t\t\t\t\t\t\t\t<\/div>\n\t\t\t\t<\/div>\n\t\t\t\t\t<\/div>\n\t\t<\/div>\n\t\t\t\t<div class=\"elementor-column elementor-col-50 elementor-inner-column elementor-element elementor-element-c101d34\" data-id=\"c101d34\" data-element_type=\"column\" data-e-type=\"column\">\n\t\t\t<div class=\"elementor-widget-wrap elementor-element-populated\">\n\t\t\t\t\t\t<div class=\"elementor-element elementor-element-d800cac elementor-widget elementor-widget-image\" data-id=\"d800cac\" data-element_type=\"widget\" data-e-type=\"widget\" data-widget_type=\"image.default\">\n\t\t\t\t<div class=\"elementor-widget-container\">\n\t\t\t\t\t\t\t\t\t\t\t\t\t\t\t<img loading=\"lazy\" decoding=\"async\" width=\"800\" height=\"533\" src=\"https:\/\/spiel-kueche-holzer.at\/wp-content\/uploads\/2021\/11\/Holzer-20-1024x682.jpg\" class=\"attachment-large size-large wp-image-418\" alt=\"\" srcset=\"https:\/\/spiel-kueche-holzer.at\/wp-content\/uploads\/2021\/11\/Holzer-20-1024x682.jpg 1024w, https:\/\/spiel-kueche-holzer.at\/wp-content\/uploads\/2021\/11\/Holzer-20-300x200.jpg 300w, https:\/\/spiel-kueche-holzer.at\/wp-content\/uploads\/2021\/11\/Holzer-20-768x512.jpg 768w, https:\/\/spiel-kueche-holzer.at\/wp-content\/uploads\/2021\/11\/Holzer-20-1536x1024.jpg 1536w, https:\/\/spiel-kueche-holzer.at\/wp-content\/uploads\/2021\/11\/Holzer-20.jpg 2000w\" sizes=\"(max-width: 800px) 100vw, 800px\" \/>\t\t\t\t\t\t\t\t\t\t\t\t\t\t\t<\/div>\n\t\t\t\t<\/div>\n\t\t\t\t\t<\/div>\n\t\t<\/div>\n\t\t\t\t\t<\/div>\n\t\t<\/section>\n\t\t\t\t<section class=\"elementor-section elementor-inner-section elementor-element elementor-element-a60baa8 elementor-section-boxed elementor-section-height-default elementor-section-height-default\" data-id=\"a60baa8\" data-element_type=\"section\" data-e-type=\"section\">\n\t\t\t\t\t\t<div class=\"elementor-container elementor-column-gap-default\">\n\t\t\t\t\t<div class=\"elementor-column elementor-col-50 elementor-inner-column elementor-element elementor-element-e071526\" data-id=\"e071526\" data-element_type=\"column\" data-e-type=\"column\">\n\t\t\t<div class=\"elementor-widget-wrap elementor-element-populated\">\n\t\t\t\t\t\t<div class=\"elementor-element elementor-element-744147c elementor-widget elementor-widget-image\" data-id=\"744147c\" data-element_type=\"widget\" data-e-type=\"widget\" data-widget_type=\"image.default\">\n\t\t\t\t<div class=\"elementor-widget-container\">\n\t\t\t\t\t\t\t\t\t\t\t\t\t\t\t<img loading=\"lazy\" decoding=\"async\" width=\"800\" height=\"533\" src=\"https:\/\/spiel-kueche-holzer.at\/wp-content\/uploads\/2021\/11\/Holzer-14-1024x682.jpg\" class=\"attachment-large size-large wp-image-411\" alt=\"\" srcset=\"https:\/\/spiel-kueche-holzer.at\/wp-content\/uploads\/2021\/11\/Holzer-14-1024x682.jpg 1024w, https:\/\/spiel-kueche-holzer.at\/wp-content\/uploads\/2021\/11\/Holzer-14-300x200.jpg 300w, https:\/\/spiel-kueche-holzer.at\/wp-content\/uploads\/2021\/11\/Holzer-14-768x512.jpg 768w, https:\/\/spiel-kueche-holzer.at\/wp-content\/uploads\/2021\/11\/Holzer-14-1536x1024.jpg 1536w, https:\/\/spiel-kueche-holzer.at\/wp-content\/uploads\/2021\/11\/Holzer-14.jpg 2000w\" sizes=\"(max-width: 800px) 100vw, 800px\" \/>\t\t\t\t\t\t\t\t\t\t\t\t\t\t\t<\/div>\n\t\t\t\t<\/div>\n\t\t\t\t\t<\/div>\n\t\t<\/div>\n\t\t\t\t<div class=\"elementor-column elementor-col-50 elementor-inner-column elementor-element elementor-element-3e08017\" data-id=\"3e08017\" data-element_type=\"column\" data-e-type=\"column\">\n\t\t\t<div class=\"elementor-widget-wrap elementor-element-populated\">\n\t\t\t\t\t\t<div class=\"elementor-element elementor-element-b423adc elementor-widget elementor-widget-image\" data-id=\"b423adc\" data-element_type=\"widget\" data-e-type=\"widget\" data-widget_type=\"image.default\">\n\t\t\t\t<div class=\"elementor-widget-container\">\n\t\t\t\t\t\t\t\t\t\t\t\t\t\t\t<img loading=\"lazy\" decoding=\"async\" width=\"800\" height=\"533\" src=\"https:\/\/spiel-kueche-holzer.at\/wp-content\/uploads\/2021\/11\/Holzer-16-1024x682.jpg\" class=\"attachment-large size-large wp-image-414\" alt=\"\" srcset=\"https:\/\/spiel-kueche-holzer.at\/wp-content\/uploads\/2021\/11\/Holzer-16-1024x682.jpg 1024w, https:\/\/spiel-kueche-holzer.at\/wp-content\/uploads\/2021\/11\/Holzer-16-300x200.jpg 300w, https:\/\/spiel-kueche-holzer.at\/wp-content\/uploads\/2021\/11\/Holzer-16-768x512.jpg 768w, https:\/\/spiel-kueche-holzer.at\/wp-content\/uploads\/2021\/11\/Holzer-16-1536x1024.jpg 1536w, https:\/\/spiel-kueche-holzer.at\/wp-content\/uploads\/2021\/11\/Holzer-16.jpg 2000w\" sizes=\"(max-width: 800px) 100vw, 800px\" \/>\t\t\t\t\t\t\t\t\t\t\t\t\t\t\t<\/div>\n\t\t\t\t<\/div>\n\t\t\t\t\t<\/div>\n\t\t<\/div>\n\t\t\t\t\t<\/div>\n\t\t<\/section>\n\t\t\t\t\t<\/div>\n\t\t<\/div>\n\t\t\t\t\t<\/div>\n\t\t<\/section>\n\t\t\t\t<\/div>\n\t\t","protected":false},"excerpt":{"rendered":"<p>Dekoration und Geschenksartikel Dekoration und Geschenksartikel Dekoration und Geschenke Lassen Sie sich verzaubern oder verzaubern Sie Ihre Liebsten, ganz egal &#8211; Hauptsache es wird gezaubert. Beim Zauber helfen wir Ihnen gerne mit unserer umfangreichen und vielf\u00e4ltigen Auswahl an Dekoration und Geschenksartikeln. Erfahre mehr Sch\u00f6ner Wohnen Sch\u00f6ner Schenken Verschaffen Sie sich hier einen \u00dcberblick \u00fcber unser [&hellip;]<\/p>\n","protected":false},"author":1,"featured_media":0,"parent":0,"menu_order":0,"comment_status":"closed","ping_status":"closed","template":"","meta":{"footnotes":""},"class_list":["post-184","page","type-page","status-publish","hentry"],"_links":{"self":[{"href":"https:\/\/spiel-kueche-holzer.at\/index.php\/wp-json\/wp\/v2\/pages\/184","targetHints":{"allow":["GET"]}}],"collection":[{"href":"https:\/\/spiel-kueche-holzer.at\/index.php\/wp-json\/wp\/v2\/pages"}],"about":[{"href":"https:\/\/spiel-kueche-holzer.at\/index.php\/wp-json\/wp\/v2\/types\/page"}],"author":[{"embeddable":true,"href":"https:\/\/spiel-kueche-holzer.at\/index.php\/wp-json\/wp\/v2\/users\/1"}],"replies":[{"embeddable":true,"href":"https:\/\/spiel-kueche-holzer.at\/index.php\/wp-json\/wp\/v2\/comments?post=184"}],"version-history":[{"count":43,"href":"https:\/\/spiel-kueche-holzer.at\/index.php\/wp-json\/wp\/v2\/pages\/184\/revisions"}],"predecessor-version":[{"id":575,"href":"https:\/\/spiel-kueche-holzer.at\/index.php\/wp-json\/wp\/v2\/pages\/184\/revisions\/575"}],"wp:attachment":[{"href":"https:\/\/spiel-kueche-holzer.at\/index.php\/wp-json\/wp\/v2\/media?parent=184"}],"curies":[{"name":"wp","href":"https:\/\/api.w.org\/{rel}","templated":true}]}}